{"id":5247,"date":"2025-02-21T13:27:32","date_gmt":"2025-02-21T12:27:32","guid":{"rendered":"https:\/\/campingrifort.com\/rutes\/vuelta-por-la-garganta-del-ter\/"},"modified":"2025-02-27T12:59:51","modified_gmt":"2025-02-27T11:59:51","slug":"vuelta-por-la-garganta-del-ter","status":"publish","type":"rutes","link":"https:\/\/campingrifort.com\/es\/rutes\/vuelta-por-la-garganta-del-ter\/","title":{"rendered":"Vuelta por la Gola del Ter"},"content":{"rendered":"\n<p>Si buscas una ruta f\u00e1cil y llena de naturaleza, \u00e9sta es ideal para ti. Un recorrido tranquilo y pr\u00e1cticamente llano que te llevar\u00e1 por caminos rodeados de humedales hasta llegar a la Garganta del Ter.   <\/p>\n","protected":false},"featured_media":5075,"template":"","class_list":["post-5247","rutes","type-rutes","status-publish","has-post-thumbnail","hentry"],"yoast_head":"<!-- This site is optimized with the Yoast SEO plugin v27.4 - https:\/\/yoast.com\/product\/yoast-seo-wordpress\/ -->\n<title>Vuelta por la Gola del Ter - C\u00e0mping Rifort<\/title>\n<meta name=\"robots\" content=\"index, follow, max-snippet:-1, max-image-preview:large, max-video-preview:-1\" \/>\n<link rel=\"canonical\" href=\"https:\/\/campingrifort.com\/es\/rutes\/vuelta-por-la-garganta-del-ter\/\" \/>\n<meta property=\"og:locale\" content=\"es_ES\" \/>\n<meta property=\"og:type\" content=\"article\" \/>\n<meta property=\"og:title\" content=\"Vuelta por la Gola del Ter - C\u00e0mping Rifort\" \/>\n<meta property=\"og:description\" content=\"Si buscas una ruta f\u00e1cil y llena de naturaleza, \u00e9sta es ideal para ti. Un recorrido tranquilo y pr\u00e1cticamente llano que te llevar\u00e1 por caminos rodeados de humedales hasta llegar a la Garganta del Ter.\" \/>\n<meta property=\"og:url\" content=\"https:\/\/campingrifort.com\/es\/rutes\/vuelta-por-la-garganta-del-ter\/\" \/>\n<meta property=\"og:site_name\" content=\"C\u00e0mping Rifort\" \/>\n<meta property=\"article:publisher\" content=\"https:\/\/www.facebook.com\/campingrifort\" \/>\n<meta property=\"article:modified_time\" content=\"2025-02-27T11:59:51+00:00\" \/>\n<meta property=\"og:image\" content=\"https:\/\/campingrifort.com\/wp-content\/uploads\/2025\/02\/Recurso-1ewe-1-scaled.webp\" \/>\n\t<meta property=\"og:image:width\" content=\"2560\" \/>\n\t<meta property=\"og:image:height\" content=\"780\" \/>\n\t<meta property=\"og:image:type\" content=\"image\/webp\" \/>\n<meta name=\"twitter:card\" content=\"summary_large_image\" \/>\n<script type=\"application\/ld+json\" class=\"yoast-schema-graph\">{\"@context\":\"https:\\\/\\\/schema.org\",\"@graph\":[{\"@type\":\"WebPage\",\"@id\":\"https:\\\/\\\/campingrifort.com\\\/es\\\/rutes\\\/vuelta-por-la-garganta-del-ter\\\/\",\"url\":\"https:\\\/\\\/campingrifort.com\\\/es\\\/rutes\\\/vuelta-por-la-garganta-del-ter\\\/\",\"name\":\"Vuelta por la Gola del Ter - C\u00e0mping Rifort\",\"isPartOf\":{\"@id\":\"https:\\\/\\\/campingrifort.com\\\/es\\\/#website\"},\"primaryImageOfPage\":{\"@id\":\"https:\\\/\\\/campingrifort.com\\\/es\\\/rutes\\\/vuelta-por-la-garganta-del-ter\\\/#primaryimage\"},\"image\":{\"@id\":\"https:\\\/\\\/campingrifort.com\\\/es\\\/rutes\\\/vuelta-por-la-garganta-del-ter\\\/#primaryimage\"},\"thumbnailUrl\":\"https:\\\/\\\/campingrifort.com\\\/wp-content\\\/uploads\\\/2025\\\/02\\\/Recurso-1ewe-1-scaled.webp\",\"datePublished\":\"2025-02-21T12:27:32+00:00\",\"dateModified\":\"2025-02-27T11:59:51+00:00\",\"breadcrumb\":{\"@id\":\"https:\\\/\\\/campingrifort.com\\\/es\\\/rutes\\\/vuelta-por-la-garganta-del-ter\\\/#breadcrumb\"},\"inLanguage\":\"es\",\"potentialAction\":[{\"@type\":\"ReadAction\",\"target\":[\"https:\\\/\\\/campingrifort.com\\\/es\\\/rutes\\\/vuelta-por-la-garganta-del-ter\\\/\"]}]},{\"@type\":\"ImageObject\",\"inLanguage\":\"es\",\"@id\":\"https:\\\/\\\/campingrifort.com\\\/es\\\/rutes\\\/vuelta-por-la-garganta-del-ter\\\/#primaryimage\",\"url\":\"https:\\\/\\\/campingrifort.com\\\/wp-content\\\/uploads\\\/2025\\\/02\\\/Recurso-1ewe-1-scaled.webp\",\"contentUrl\":\"https:\\\/\\\/campingrifort.com\\\/wp-content\\\/uploads\\\/2025\\\/02\\\/Recurso-1ewe-1-scaled.webp\",\"width\":2560,\"height\":780,\"caption\":\"Gola del Ter\"},{\"@type\":\"BreadcrumbList\",\"@id\":\"https:\\\/\\\/campingrifort.com\\\/es\\\/rutes\\\/vuelta-por-la-garganta-del-ter\\\/#breadcrumb\",\"itemListElement\":[{\"@type\":\"ListItem\",\"position\":1,\"name\":\"Inici\",\"item\":\"https:\\\/\\\/campingrifort.com\\\/es\\\/\"},{\"@type\":\"ListItem\",\"position\":2,\"name\":\"Rutes\",\"item\":\"https:\\\/\\\/campingrifort.com\\\/es\\\/rutes\\\/\"},{\"@type\":\"ListItem\",\"position\":3,\"name\":\"Vuelta por la Gola del Ter\"}]},{\"@type\":\"WebSite\",\"@id\":\"https:\\\/\\\/campingrifort.com\\\/es\\\/#website\",\"url\":\"https:\\\/\\\/campingrifort.com\\\/es\\\/\",\"name\":\"C\u00e0mping Rifort\",\"description\":\"El c\u00e0mping de tota la fam\u00edlia a l&#039;Estartit, Costa Brava\",\"publisher\":{\"@id\":\"https:\\\/\\\/campingrifort.com\\\/es\\\/#organization\"},\"potentialAction\":[{\"@type\":\"SearchAction\",\"target\":{\"@type\":\"EntryPoint\",\"urlTemplate\":\"https:\\\/\\\/campingrifort.com\\\/es\\\/?s={search_term_string}\"},\"query-input\":{\"@type\":\"PropertyValueSpecification\",\"valueRequired\":true,\"valueName\":\"search_term_string\"}}],\"inLanguage\":\"es\"},{\"@type\":\"Organization\",\"@id\":\"https:\\\/\\\/campingrifort.com\\\/es\\\/#organization\",\"name\":\"C\u00e0mping Rifort\",\"url\":\"https:\\\/\\\/campingrifort.com\\\/es\\\/\",\"logo\":{\"@type\":\"ImageObject\",\"inLanguage\":\"es\",\"@id\":\"https:\\\/\\\/campingrifort.com\\\/es\\\/#\\\/schema\\\/logo\\\/image\\\/\",\"url\":\"https:\\\/\\\/campingrifort.com\\\/wp-content\\\/uploads\\\/2022\\\/11\\\/CAMPING-RIFORT-Logo.jpg\",\"contentUrl\":\"https:\\\/\\\/campingrifort.com\\\/wp-content\\\/uploads\\\/2022\\\/11\\\/CAMPING-RIFORT-Logo.jpg\",\"width\":350,\"height\":100,\"caption\":\"C\u00e0mping Rifort\"},\"image\":{\"@id\":\"https:\\\/\\\/campingrifort.com\\\/es\\\/#\\\/schema\\\/logo\\\/image\\\/\"},\"sameAs\":[\"https:\\\/\\\/www.facebook.com\\\/campingrifort\",\"https:\\\/\\\/www.instagram.com\\\/campingrifort\\\/\"]}]}<\/script>\n<!-- \/ Yoast SEO plugin. -->","yoast_head_json":{"title":"Vuelta por la Gola del Ter - C\u00e0mping Rifort","robots":{"index":"index","follow":"follow","max-snippet":"max-snippet:-1","max-image-preview":"max-image-preview:large","max-video-preview":"max-video-preview:-1"},"canonical":"https:\/\/campingrifort.com\/es\/rutes\/vuelta-por-la-garganta-del-ter\/","og_locale":"es_ES","og_type":"article","og_title":"Vuelta por la Gola del Ter - C\u00e0mping Rifort","og_description":"Si buscas una ruta f\u00e1cil y llena de naturaleza, \u00e9sta es ideal para ti. Un recorrido tranquilo y pr\u00e1cticamente llano que te llevar\u00e1 por caminos rodeados de humedales hasta llegar a la Garganta del Ter.","og_url":"https:\/\/campingrifort.com\/es\/rutes\/vuelta-por-la-garganta-del-ter\/","og_site_name":"C\u00e0mping Rifort","article_publisher":"https:\/\/www.facebook.com\/campingrifort","article_modified_time":"2025-02-27T11:59:51+00:00","og_image":[{"width":2560,"height":780,"url":"https:\/\/campingrifort.com\/wp-content\/uploads\/2025\/02\/Recurso-1ewe-1-scaled.webp","type":"image\/webp"}],"twitter_card":"summary_large_image","schema":{"@context":"https:\/\/schema.org","@graph":[{"@type":"WebPage","@id":"https:\/\/campingrifort.com\/es\/rutes\/vuelta-por-la-garganta-del-ter\/","url":"https:\/\/campingrifort.com\/es\/rutes\/vuelta-por-la-garganta-del-ter\/","name":"Vuelta por la Gola del Ter - C\u00e0mping Rifort","isPartOf":{"@id":"https:\/\/campingrifort.com\/es\/#website"},"primaryImageOfPage":{"@id":"https:\/\/campingrifort.com\/es\/rutes\/vuelta-por-la-garganta-del-ter\/#primaryimage"},"image":{"@id":"https:\/\/campingrifort.com\/es\/rutes\/vuelta-por-la-garganta-del-ter\/#primaryimage"},"thumbnailUrl":"https:\/\/campingrifort.com\/wp-content\/uploads\/2025\/02\/Recurso-1ewe-1-scaled.webp","datePublished":"2025-02-21T12:27:32+00:00","dateModified":"2025-02-27T11:59:51+00:00","breadcrumb":{"@id":"https:\/\/campingrifort.com\/es\/rutes\/vuelta-por-la-garganta-del-ter\/#breadcrumb"},"inLanguage":"es","potentialAction":[{"@type":"ReadAction","target":["https:\/\/campingrifort.com\/es\/rutes\/vuelta-por-la-garganta-del-ter\/"]}]},{"@type":"ImageObject","inLanguage":"es","@id":"https:\/\/campingrifort.com\/es\/rutes\/vuelta-por-la-garganta-del-ter\/#primaryimage","url":"https:\/\/campingrifort.com\/wp-content\/uploads\/2025\/02\/Recurso-1ewe-1-scaled.webp","contentUrl":"https:\/\/campingrifort.com\/wp-content\/uploads\/2025\/02\/Recurso-1ewe-1-scaled.webp","width":2560,"height":780,"caption":"Gola del Ter"},{"@type":"BreadcrumbList","@id":"https:\/\/campingrifort.com\/es\/rutes\/vuelta-por-la-garganta-del-ter\/#breadcrumb","itemListElement":[{"@type":"ListItem","position":1,"name":"Inici","item":"https:\/\/campingrifort.com\/es\/"},{"@type":"ListItem","position":2,"name":"Rutes","item":"https:\/\/campingrifort.com\/es\/rutes\/"},{"@type":"ListItem","position":3,"name":"Vuelta por la Gola del Ter"}]},{"@type":"WebSite","@id":"https:\/\/campingrifort.com\/es\/#website","url":"https:\/\/campingrifort.com\/es\/","name":"C\u00e0mping Rifort","description":"El c\u00e0mping de tota la fam\u00edlia a l&#039;Estartit, Costa Brava","publisher":{"@id":"https:\/\/campingrifort.com\/es\/#organization"},"potentialAction":[{"@type":"SearchAction","target":{"@type":"EntryPoint","urlTemplate":"https:\/\/campingrifort.com\/es\/?s={search_term_string}"},"query-input":{"@type":"PropertyValueSpecification","valueRequired":true,"valueName":"search_term_string"}}],"inLanguage":"es"},{"@type":"Organization","@id":"https:\/\/campingrifort.com\/es\/#organization","name":"C\u00e0mping Rifort","url":"https:\/\/campingrifort.com\/es\/","logo":{"@type":"ImageObject","inLanguage":"es","@id":"https:\/\/campingrifort.com\/es\/#\/schema\/logo\/image\/","url":"https:\/\/campingrifort.com\/wp-content\/uploads\/2022\/11\/CAMPING-RIFORT-Logo.jpg","contentUrl":"https:\/\/campingrifort.com\/wp-content\/uploads\/2022\/11\/CAMPING-RIFORT-Logo.jpg","width":350,"height":100,"caption":"C\u00e0mping Rifort"},"image":{"@id":"https:\/\/campingrifort.com\/es\/#\/schema\/logo\/image\/"},"sameAs":["https:\/\/www.facebook.com\/campingrifort","https:\/\/www.instagram.com\/campingrifort\/"]}]}},"_links":{"self":[{"href":"https:\/\/campingrifort.com\/es\/wp-json\/wp\/v2\/rutes\/5247","targetHints":{"allow":["GET"]}}],"collection":[{"href":"https:\/\/campingrifort.com\/es\/wp-json\/wp\/v2\/rutes"}],"about":[{"href":"https:\/\/campingrifort.com\/es\/wp-json\/wp\/v2\/types\/rutes"}],"wp:featuredmedia":[{"embeddable":true,"href":"https:\/\/campingrifort.com\/es\/wp-json\/wp\/v2\/media\/5075"}],"wp:attachment":[{"href":"https:\/\/campingrifort.com\/es\/wp-json\/wp\/v2\/media?parent=5247"}],"curies":[{"name":"wp","href":"https:\/\/api.w.org\/{rel}","templated":true}]}}

<p>Si buscas una ruta fácil y llena de naturaleza, ésta es ideal para ti. Un recorrido tranquilo y prácticamente llano que te llevará por caminos rodeados de humedales hasta llegar a la Garganta del Ter.   </p>

<!-- This site is optimized with the Yoast SEO plugin v27.4 - https://yoast.com/product/yoast-seo-wordpress/ -->
<title>Vuelta por la Gola del Ter - Càmping Rifort</title>
<meta name="robots" content="index, follow, max-snippet:-1, max-image-preview:large, max-video-preview:-1" />
<link rel="canonical" href="https://campingrifort.com/es/rutes/vuelta-por-la-garganta-del-ter/" />
<meta property="og:locale" content="es_ES" />
<meta property="og:type" content="article" />
<meta property="og:title" content="Vuelta por la Gola del Ter - Càmping Rifort" />
<meta property="og:description" content="Si buscas una ruta fácil y llena de naturaleza, ésta es ideal para ti. Un recorrido tranquilo y prácticamente llano que te llevará por caminos rodeados de humedales hasta llegar a la Garganta del Ter." />
<meta property="og:url" content="https://campingrifort.com/es/rutes/vuelta-por-la-garganta-del-ter/" />
<meta property="og:site_name" content="Càmping Rifort" />
<meta property="article:publisher" content="https://www.facebook.com/campingrifort" />
<meta property="article:modified_time" content="2025-02-27T11:59:51+00:00" />
<meta property="og:image" content="https://campingrifort.com/wp-content/uploads/2025/02/Recurso-1ewe-1-scaled.webp" />
	<meta property="og:image:width" content="2560" />
	<meta property="og:image:height" content="780" />
	<meta property="og:image:type" content="image/webp" />
<meta name="twitter:card" content="summary_large_image" />
<script type="application/ld+json" class="yoast-schema-graph">{"@context":"https:\/\/schema.org","@graph":[{"@type":"WebPage","@id":"https:\/\/campingrifort.com\/es\/rutes\/vuelta-por-la-garganta-del-ter\/","url":"https:\/\/campingrifort.com\/es\/rutes\/vuelta-por-la-garganta-del-ter\/","name":"Vuelta por la Gola del Ter - Càmping Rifort","isPartOf":{"@id":"https:\/\/campingrifort.com\/es\/#website"},"primaryImageOfPage":{"@id":"https:\/\/campingrifort.com\/es\/rutes\/vuelta-por-la-garganta-del-ter\/#primaryimage"},"image":{"@id":"https:\/\/campingrifort.com\/es\/rutes\/vuelta-por-la-garganta-del-ter\/#primaryimage"},"thumbnailUrl":"https:\/\/campingrifort.com\/wp-content\/uploads\/2025\/02\/Recurso-1ewe-1-scaled.webp","datePublished":"2025-02-21T12:27:32+00:00","dateModified":"2025-02-27T11:59:51+00:00","breadcrumb":{"@id":"https:\/\/campingrifort.com\/es\/rutes\/vuelta-por-la-garganta-del-ter\/#breadcrumb"},"inLanguage":"es","potentialAction":[{"@type":"ReadAction","target":["https:\/\/campingrifort.com\/es\/rutes\/vuelta-por-la-garganta-del-ter\/"]}]},{"@type":"ImageObject","inLanguage":"es","@id":"https:\/\/campingrifort.com\/es\/rutes\/vuelta-por-la-garganta-del-ter\/#primaryimage","url":"https:\/\/campingrifort.com\/wp-content\/uploads\/2025\/02\/Recurso-1ewe-1-scaled.webp","contentUrl":"https:\/\/campingrifort.com\/wp-content\/uploads\/2025\/02\/Recurso-1ewe-1-scaled.webp","width":2560,"height":780,"caption":"Gola del Ter"},{"@type":"BreadcrumbList","@id":"https:\/\/campingrifort.com\/es\/rutes\/vuelta-por-la-garganta-del-ter\/#breadcrumb","itemListElement":[{"@type":"ListItem","position":1,"name":"Inici","item":"https:\/\/campingrifort.com\/es\/"},{"@type":"ListItem","position":2,"name":"Rutes","item":"https:\/\/campingrifort.com\/es\/rutes\/"},{"@type":"ListItem","position":3,"name":"Vuelta por la Gola del Ter"}]},{"@type":"WebSite","@id":"https:\/\/campingrifort.com\/es\/#website","url":"https:\/\/campingrifort.com\/es\/","name":"Càmping Rifort","description":"El càmping de tota la família a l&#039;Estartit, Costa Brava","publisher":{"@id":"https:\/\/campingrifort.com\/es\/#organization"},"potentialAction":[{"@type":"SearchAction","target":{"@type":"EntryPoint","urlTemplate":"https:\/\/campingrifort.com\/es\/?s={search_term_string}"},"query-input":{"@type":"PropertyValueSpecification","valueRequired":true,"valueName":"search_term_string"}}],"inLanguage":"es"},{"@type":"Organization","@id":"https:\/\/campingrifort.com\/es\/#organization","name":"Càmping Rifort","url":"https:\/\/campingrifort.com\/es\/","logo":{"@type":"ImageObject","inLanguage":"es","@id":"https:\/\/campingrifort.com\/es\/#\/schema\/logo\/image\/","url":"https:\/\/campingrifort.com\/wp-content\/uploads\/2022\/11\/CAMPING-RIFORT-Logo.jpg","contentUrl":"https:\/\/campingrifort.com\/wp-content\/uploads\/2022\/11\/CAMPING-RIFORT-Logo.jpg","width":350,"height":100,"caption":"Càmping Rifort"},"image":{"@id":"https:\/\/campingrifort.com\/es\/#\/schema\/logo\/image\/"},"sameAs":["https:\/\/www.facebook.com\/campingrifort","https:\/\/www.instagram.com\/campingrifort\/"]}]}</script>
<!-- / Yoast SEO plugin. -->

Vuelta por la Gola del Ter - Càmping Rifort

Si buscas una ruta fácil y llena de naturaleza, ésta es ideal para ti. Un recorrido tranquilo y prácticamente llano que te llevará por caminos rodeados de humedales hasta llegar a la Garganta del Ter.

Càmping Rifort

El càmping de tota la família a l&#039;Estartit, Costa Brava
